*y = 23 + 59. What is the tens digit of y?
4
Suppose -31*n + 85038 = 7*n - 443314. What is the units digit of n?
4
Suppose 116*z - 31*z - 39646 = 9144. What is the tens digit of z?
7
Let f(u) = 40*u - 81. Let v be f(20). Suppose -2*g - 711 = -5*k - 0*g, -v = -5*k - 2*g. What is the tens digit of k?
4
Suppose 0*z = 2*x + z + 173, 5*z - 179 = 2*x. Let j = x + 91. Suppose 0 = 5*t + 3*f - 773, -3*t - 155 = -j*t - f. What is the units digit of t?
4
Suppose 5*s + 156 + 1534 = 0. Let r(c) = -66*c - 107. Let j be r(6). Let p = s - j. What is the tens digit of p?
6
Let p(x) = 1063*x**2 + 34*x - 2. What is the hundreds digit of p(3)?
6
Let v(x) = x**2 - 16*x + 78. Let j be v(10). What is the tens digit of ((-1728)/j)/(-2 - -1) + 0?
9
Suppose -4 = 2*w + 2*z + 8, -z - 10 = 5*w. Let g be 6/12 + w/2. Suppose 49 + g = x. What is the tens digit of x?
4
Suppose 0 = d - 5*o - 2, -5*d + 19*o + 32 = 16*o. Let w(y) = 4*y**2 + 5*y + 67. What is the units digit of w(d)?
8
Let l = 668 + -1011. Let d = l - -585. What is the tens digit of d?
4
Suppose -14346 = -1160*k + 1142*k. What is the tens digit of k?
9
Let r(s) = -2*s**3 - 11*s**2 + 5*s - 12. Let c be r(-8). Suppose -d + c = -0*d. Suppose -2*b = 4*q - d, 7*q - 292 = 3*q + 4*b. What is the tens digit of q?
6
What is the thousands digit of ((-88)/1144)/(2/(-229294))?
8
Let o = 33041 + 2109. What is the ten thousands digit of o?
3
What is the tens digit of (36/45)/(18/124560)?
3
Let v = -71 - 418. Let g = v - -721. What is the hundreds digit of g?
2
Suppose -75*k - 3 = -74*k. Let d be (-7 - (0 + k)) + -4. What is the hundreds digit of 18/4*(-224)/d?
1
Let b = -214 - 58. Let a be ((-1)/(-2))/((-17)/b). Suppose a - 4 = d. What is the units digit of d?
4
Let y(h) = 38*h + 21. Let v(m) = 2*m + 2. Let t(q) = -3*v(q) + y(q). What is the units digit of t(2)?
9
Suppose 0 = 13*x - 20*x - 28. What is the tens digit of -1*(-278 - 4/x)?
7
Suppose w = -2*l + 12769, -14*l - 24 = -10*l. What is the hundreds digit of w?
7
Let i be -4 - -27 - (0 + (-2 - -2)). Let o = 133 + i. Let h = o - 88. What is the tens digit of h?
6
Let j(p) = 48*p**2 + 64*p - 108. What is the hundreds digit of j(2)?
2
Suppose -4*l - 4*o + 40859 = -l, -l + 4*o = -13625. Suppose 16*h = -1925 + l. What is the tens digit of h?
3
Let l be (-9)/24 - (-38)/16. Let k be 263/l - (-15)/10. Suppose 3*u - 214 = 4*d - 20, -2*u + k = d. What is the tens digit of u?
6
Let u(v) be the third derivative of v**5/60 - 7*v**4/6 + 24*v**3 + 3*v**2 + 30*v. What is the units digit of u(26)?
2
Suppose r - 6*r = 2*r. Suppose 17*a + 2*a - 6232 = r. What is the tens digit of a?
2
Let z(k) = -k + 46. Let l be z(7). What is the hundreds digit of (82/26 - 6/l) + 1000?
0
Let t = -15970 + 26286. What is the tens digit of t?
1
Let y(g) = 109*g**2 - 5*g + 136. What is the thousands digit of y(-8)?
7
Let h = -2156 - -3648. What is the thousands digit of h?
1
Let h(z) = 3*z**2 + z + 2. Let c be h(3). Let m = c + -26. Suppose -m*v + 9*v = 21. What is the units digit of v?
7
Let k = 138 - 386. What is the units digit of (4898/k)/(1/(-4))?
9
Let t(g) = 7*g**2 + 12*g + 3730. What is the hundreds digit of t(-47)?
6
Let x be (0 + -1 - 10)*-4. Let b be 11/x - (-22)/8. Suppose -b = t + 1, -d - t + 57 = 0. What is the tens digit of d?
6
Let y = -25445 + 47664. What is the units digit of y?
9
Let h be 18/(-36) - (-29)/2. Suppose h*c = -56 + 1946. What is the units digit of c?
5
Let f be (-9)/(108/(-40))*(-6)/(-4). Suppose -f*y + 3*l - 59 + 393 = 0, 214 = 3*y + 5*l. What is the units digit of y?
8
Let d(n) = -6*n - 18. Let l be d(-4). Let r = l - -72. Suppose -k - 6*u + 76 = -3*u, -u + r = k. What is the tens digit of k?
7
Let k(s) = 44*s - 5 + 2*s**2 + 41*s - 86*s. Suppose -5*b = -2*p + 16, b + 24 = 3*p - 2*b. What is the hundreds digit of k(p)?
1
Let n(q) = 83*q**3 + 6*q**2 - 96*q + 769. What is the tens digit of n(9)?
9
Let r(h) be the third derivative of 20/3*h**3 + 0*h + 1/12*h**4 + 14*h**2 + 1/120*h**6 + 0*h**5 + 0. What is the tens digit of r(0)?
4
Suppose -16*m + 71 = 7. Let n(v) = 6*v**2 - 22*v + 91. What is the tens digit of n(m)?
9
Let x(i) = -10*i + 13. Let d be 168/280 + 38/(-5). What is the tens digit of x(d)?
8
Suppose 115 = -0*n + 5*n. Suppose -10*p - n = -93. Suppose -p*x + 177 = -978. What is the tens digit of x?
6
Let c(o) = 94*o**2 - 37*o + 20. What is the units digit of c(-10)?
0
Suppose 7822 = u - 5*a, 3*u - 19257 - 4249 = -5*a. What is the units digit of u?
2
Let y(q) = -34*q + 40 + 5*q + 5*q - 22*q. What is the units digit of y(-6)?
6
Let b = 12383 - 11704. What is the hundreds digit of b?
6
Let l(i) = i**2 + 5*i - 4. Let s be l(-6). Let v be 99/27*(s - -1). Let u(c) = -c**2 + 12*c + 3. What is the tens digit of u(v)?
1
Suppose -7*i + 5 = -6*i. Suppose i*s - s - 244 = 4*r, -4*s + 238 = 2*r. Suppose 2*k - s = -2*n, 0 = -0*n + 2*n - 4. What is the tens digit of k?
2
Let i(h) = 127*h**3 + 20*h**2 - 29*h + 52. What is the thousands digit of i(5)?
6
Let y(t) = 1447*t + 1514. What is the hundreds digit of y(5)?
7
Let g = 5245 - 3415. What is the thousands digit of g?
1
Suppose -10385 = -4254*h + 4253*h. What is the thousands digit of h?
0
Suppose -5*z - 2*z + 0*z = 0. Let l(k) = -k + 12*k**2 + 121 + 11*k**2 + 14*k**2 - 38*k**2 + k**3. What is the hundreds digit of l(z)?
1
Let i(g) = 167*g**3 - g**2 - 6*g - 44. What is the units digit of i(5)?
6
Let s(j) = j + 4*j + 28 + j**2 - 14 - 2*j**2. Let d be s(7). Suppose 6*o + 0*o - 72 = d. What is the tens digit of o?
1
Suppose -9*o = -152674 - 814052. Suppose o = 49*i + 11423. What is the tens digit of i?
5
Let w(d) = 13*d**3 - 67*d**2 - 69*d + 163. Let j(u) = 3*u**3 - 17*u**2 - 17*u + 41. Let p(y) = -9*j(y) + 2*w(y). What is the units digit of p(18)?
1
Suppose -2*a + 5*j + 2927 = 0, 0 = 2*a + a + 2*j - 4400. What is the units digit of a?
6
Let i = 107251 - 73758. What is the units digit of i?
3
Suppose 5*l - 24601 = 3*p, -3*l - 4*p = -13359 - 1419. What is the thousands digit of l?
4
Suppose s - 14012 = 2*x - 2837, 22335 = 2*s - x. What is the ten thousands digit of s?
1
Let a(l) = 30*l - 175. Let y be a(6). Suppose 4*b - 3*r - 1178 = 1058, -2*b + y*r = -1118. What is the hundreds digit of b?
5
Let s(h) = 61*h + 33. Let f = 115 + -111. What is the units digit of s(f)?
7
Let q be 15/(-3) - (-4 + -7236 - 5). Suppose 8*i + 2*i - q = 0. What is the hundreds digit of i?
7
Let j(a) = -5*a - 7. Let i(y) = 6*y + 6. Let o(x) = 4*i(x) + 5*j(x). Let c be o(0). What is the units digit of (-14)/(-77) + (-130)/c?
2
Let j(i) = 700*i + 461. What is the thousands digit of j(24)?
7
Suppose 25847 = 5*n - 8263. What is the thousands digit of n?
6
Let y = -5761 + 7155. What is the units digit of y?
4
Let o = -181 - -86. Let t = -200 - o. Let a = t + 222. What is the hundreds digit of a?
1
Let d(l) = 14840*l + 86. What is the thousands digit of d(1)?
4
Suppose -2*p = -5*v + 444, 5*v - 4*p - 96 = 4*v. What is the tens digit of (-60)/33 + 2 + 4736/v?
5
Let w(f) = f**2 - 21*f + 13. Let t be w(20). Let l be 4 - t*(-18)/3 - 2. What is the tens digit of (48/2)/(l/(-100))?
6
Let s be 2/4*(-9 + 9). Let l(j) = s*j + 2*j + 41 - 3*j + 11. What is the units digit of l(0)?
2
Let t = 23180 + -3985. What is the units digit of t?
5
Let l(g) be the second derivative of g**5/20 - 5*g**4/12 + g**3/6 - 2*g**2 - 49*g + 1. What is the units digit of l(8)?
6
Let l(z) = 36*z - 62. Let i be l(3). Suppose -5*u = -156 + 41. Let g = i - u. What is the units digit of g?
3
Let h(b) = -b**2 + 230*b - 163. What is the ten thousands digit of h(64)?
1
Let j = 142 - 221. Let n = 20 - j. What is the units digit of n?
9
Let y be (-3)/5 - (-18)/5. Suppose -6*r + r = y*g + 44, 2*g = r + 14. What is the units digit of -2*((-1275)/r)/(-3)?
5
Let h be 3/(90/(-32225)) + 2/12. Let x = h + 1535. What is the units digit of x?
1
Let i = 9896 + 15923. What is the tens digit of i?
1
Let d(a) = -a**3 - 11*a**2 - 20*a. Let h be d(-8). Let b be h/(-20)*(4 + 61). Suppose -5*t = -296 - b. What is the units digit of t?
0
Suppose 29*x = 25*x + 4208. Suppose -x = 5*p - 2752. What is the units digit of 30/20*p/6?
5
Suppose -3*j + 31 = -5. What is the thousands digit of (-20)/24 + 12622/j?
1
Let g(s) = 7*s - 15. Let t be 54/24 - 1/4. Suppose 2*n - 18 = n + t*j, 0 = 2*n - 2*j - 28. What is the units digit of g(n)?
5
Let